{"id":15,"date":"2014-04-26T00:47:09","date_gmt":"2014-04-25T22:47:09","guid":{"rendered":"http:\/\/www.brazylia.info.pl\/?page_id=15"},"modified":"2024-12-27T12:34:46","modified_gmt":"2024-12-27T11:34:46","slug":"najwieksze-atrakcje","status":"publish","type":"page","link":"https:\/\/www.brazylia.info.pl\/index.php\/najwieksze-atrakcje\/","title":{"rendered":"Najwi\u0119ksze atrakcje w Brazylii"},"content":{"rendered":"<p>Brazylia to nie tylko Rio de Janeiro, ten przepi\u0119kny kraj ma wiele do zaoferowania przebywaj\u0105cym tu turystom. Co roku wielu podr\u00f3\u017cnik\u00f3w zwiedza ten kraj w poszukiwaniu niezwyk\u0142ych pere\u0142ek. Co warto tu zobaczy\u0107?<\/p>\n<p><img loading=\"lazy\" decoding=\"async\" class=\"size-full wp-image-47 odstep alignnone\" src=\"http:\/\/www.brazylia.info.pl\/wp-content\/uploads\/2014\/04\/brazylia-bahia-salvador.jpg\" alt=\"brazylia-bahia-salvador\" width=\"750\" height=\"350\" srcset=\"https:\/\/www.brazylia.info.pl\/wp-content\/uploads\/2014\/04\/brazylia-bahia-salvador.jpg 750w, https:\/\/www.brazylia.info.pl\/wp-content\/uploads\/2014\/04\/brazylia-bahia-salvador-300x140.jpg 300w\" sizes=\"auto, (max-width: 750px) 100vw, 750px\" \/><\/p>\n<p>Na pewno warto wybra\u0107 si\u0119 do stolicy regionu Bahia \u2013 <strong>Salvadoru<\/strong>, kt\u00f3ry do po\u0142owy XVIII wieku by\u0142 stolic\u0105 Brazylii. W XVI wieku tutaj odbywa\u0142 si\u0119 najwi\u0119kszy w tym regionie targ niewolnik\u00f3w z Afryki, \u015blady ich obecno\u015bci s\u0105 widoczne do dzi\u015b w mie\u015bcie jak cho\u0107by ko\u015bci\u00f3\u0142 R\u00f3\u017ca\u0144ca Czarnych.<\/p>\n<p>Slavador dzi\u015b to centrum religii candomble, ale r\u00f3wnie\u017c stolica capoeiry &#8211; sztuki walki.<\/p>\n<p>W samym mie\u015bcie warto zobaczy\u0107 znany d\u017awig osobowy, kt\u00f3ry przewozi\u0142 mieszka\u0144c\u00f3w z Dolnego miasta do Pelourinho. R\u00f3wnie\u017c tu odbywa si\u0119 trwaj\u0105cy sze\u015b\u0107 dni karnawa\u0142 i jest r\u00f3wnie popularny jak ten odbywaj\u0105cy si\u0119 w Rio.<\/p>\n<p><a href=\"http:\/\/www.brazylia.info.pl\/wp-content\/uploads\/2014\/04\/brazylia-diamantina.jpg\" rel=\"lightbox[15]\"><img loading=\"lazy\" decoding=\"async\" class=\" wp-image-54 aligncenter\" src=\"http:\/\/www.brazylia.info.pl\/wp-content\/uploads\/2014\/04\/brazylia-diamantina-300x200.jpg\" alt=\"brazylia-diamantina\" width=\"450\" height=\"300\" srcset=\"https:\/\/www.brazylia.info.pl\/wp-content\/uploads\/2014\/04\/brazylia-diamantina-300x200.jpg 300w, https:\/\/www.brazylia.info.pl\/wp-content\/uploads\/2014\/04\/brazylia-diamantina.jpg 900w\" sizes=\"auto, (max-width: 450px) 100vw, 450px\" \/><\/a><\/p>\n<p>R\u00f3wnie ciekawym miejscem jest <strong>Diamantina<\/strong>, miasto znane z wydobywanych tu w XVIII wielu diament\u00f3w i z\u0142ota. Histori\u0119 miasta i wydobycia mo\u017cna pozna w Muzeum Diament\u00f3w. W mie\u015bcie zachowa\u0142o si\u0119 wiele pi\u0119knych budynk\u00f3w kolonialnych, warto zwiedzenia jest barokowy ko\u015bci\u00f3\u0142 Naszej Pani z Carmo oraz bazylika Naj\u015bwi\u0119tszego Serca Jezusa, obydwie budowle s\u0105 wpisane na list\u0119 \u015bwiatowego dziedzictwa UNESCO.<\/p>\n<p>Pi\u0119knym miejscem jest r\u00f3wnie\u017c zbudowana przez portugalskich osadnik\u00f3w <strong>Olinda,<\/strong> nie zachowa\u0142a si\u0119 jej pierwotna architektura, bo zosta\u0142a zburzona przez Holendr\u00f3w. Budynki, k\u00f3tre mo\u017cna obecnie podziwia\u0107 pochodz\u0105 z XVIII wieku. To co charakteryzuje to miasto to pi\u0119kna architektura, w\u0105skie uliczki i a\u017c 20 budynk\u00f3w sakralnych, w tym najstarsze ko\u015bcio\u0142y \u015bw. Jana i \u015bw. Zbawiciela \u015awiata.<\/p>\n<p><img loading=\"lazy\" decoding=\"async\" class=\" wp-image-56 aligncenter\" src=\"http:\/\/www.brazylia.info.pl\/wp-content\/uploads\/2014\/04\/brazylia-diamantina2-300x200.jpg\" alt=\"brazylia-diamantina2\" width=\"450\" height=\"300\" srcset=\"https:\/\/www.brazylia.info.pl\/wp-content\/uploads\/2014\/04\/brazylia-diamantina2-300x200.jpg 300w, https:\/\/www.brazylia.info.pl\/wp-content\/uploads\/2014\/04\/brazylia-diamantina2.jpg 900w\" sizes=\"auto, (max-width: 450px) 100vw, 450px\" \/><\/p>\n<p style=\"text-align: center;\">Miastem podobnym do Diamantiny jest <strong>Ouro Preto<\/strong> czyli Czarne Z\u0142oto, kt\u00f3re powsta\u0142o pod koniec XVII wieku, po tym jak w tutejszym strumieniu odkryto z\u0142oto. Z czasem opr\u00f3cz z\u0142ota zacz\u0119to tu wydobywa\u0107 tak\u017ce diamenty. Z czas\u00f3w dawnej \u015bwietno\u015bci pozosta\u0142y tu pi\u0119kne zabytki architektoniczne. Warto odwiedzi\u0107 kaplic\u0119 Capela do Padre Faria, ko\u015bci\u00f3\u0142 \u015bw. Efigenii Opiekunki Czarnych, ko\u015bci\u00f3\u0142 \u015bw. Franciszka z Asy\u017cu. Opr\u00f3cz ko\u015bcio\u0142\u00f3w niezwykle urokliwe s\u0105 tu liczne mosty i fontanny. Mo\u017cna r\u00f3wnie\u017c zwiedza\u0107 kopalnie z\u0142ota.<\/p>\n<p>Natomiast je\u015bli chcemy zobaczy\u0107 zabudow\u0119 typowo kolonialn\u0105 to musimy si\u0119 wybra\u0107 do <strong>Sao Lu\u00eds<\/strong>.<\/p>\n<p>Miasto zosta\u0142o zbudowane w XVII wieku przez Francuz\u00f3w, nast\u0119pnie by\u0142o w r\u0119kach Holendr\u00f3w, p\u00f3\u017aniej Portugalczyk\u00f3w. Niezwyk\u0142e budynki kolonialne do dzi\u015b pokazuj\u0105 \u015bwietno\u015b\u0107 tego pi\u0119knego miasta, budynki s\u0105 ozdobione p\u0142ytkami ceramicznymi, balkonami i balustradami ca\u0142o\u015b\u0107 tworzy niezwyk\u0142y widok.<\/p>\n<p>Nie brakuje tu te\u017c przepi\u0119knych ko\u015bcio\u0142\u00f3w, kt\u00f3re koniecznie trzeba r\u00f3wnie\u017c zwiedzi\u0107.<\/p>\n<p>Inne atrakcje mo\u017cna pozna\u0107 na tej stronie: <a title=\"http:\/\/www.zoover.pl\/brazylia\/atrakcje-turystyczne\" href=\"http:\/\/www.zoover.pl\/brazylia\/atrakcje-turystyczne\" target=\"_blank\" rel=\"noopener\">http:\/\/www.zoover.pl\/brazylia\/atrakcje-turystyczne<\/a><\/p>\n","protected":false},"excerpt":{"rendered":"<p>Brazylia to nie tylko Rio de Janeiro, ten przepi\u0119kny kraj ma wiele do zaoferowania przebywaj\u0105cym tu turystom. Co roku wielu podr\u00f3\u017cnik\u00f3w zwiedza ten kraj w poszukiwaniu niezwyk\u0142ych pere\u0142ek. Co warto tu zobaczy\u0107? Na pewno warto wybra\u0107 si\u0119 do stolicy regionu Bahia \u2013 Salvadoru, kt\u00f3ry do po\u0142owy XVIII wieku by\u0142 stolic\u0105 Brazylii. W XVI wieku tutaj&hellip;&nbsp;<a href=\"https:\/\/www.brazylia.info.pl\/index.php\/najwieksze-atrakcje\/\" rel=\"bookmark\">Dowiedz si\u0119 wi\u0119cej &raquo;<span class=\"screen-reader-text\">Najwi\u0119ksze atrakcje w Brazylii<\/span><\/a><\/p>\n","protected":false},"author":12,"featured_media":0,"parent":0,"menu_order":0,"comment_status":"closed","ping_status":"open","template":"","meta":{"neve_meta_sidebar":"","neve_meta_container":"","neve_meta_enable_content_width":"","neve_meta_content_width":0,"neve_meta_title_alignment":"","neve_meta_author_avatar":"","neve_post_elements_order":"","neve_meta_disable_header":"","neve_meta_disable_footer":"","neve_meta_disable_title":"","footnotes":""},"class_list":["post-15","page","type-page","status-publish","hentry"],"aioseo_notices":[],"_links":{"self":[{"href":"https:\/\/www.brazylia.info.pl\/index.php\/wp-json\/wp\/v2\/pages\/15","targetHints":{"allow":["GET"]}}],"collection":[{"href":"https:\/\/www.brazylia.info.pl\/index.php\/wp-json\/wp\/v2\/pages"}],"about":[{"href":"https:\/\/www.brazylia.info.pl\/index.php\/wp-json\/wp\/v2\/types\/page"}],"author":[{"embeddable":true,"href":"https:\/\/www.brazylia.info.pl\/index.php\/wp-json\/wp\/v2\/users\/12"}],"replies":[{"embeddable":true,"href":"https:\/\/www.brazylia.info.pl\/index.php\/wp-json\/wp\/v2\/comments?post=15"}],"version-history":[{"count":11,"href":"https:\/\/www.brazylia.info.pl\/index.php\/wp-json\/wp\/v2\/pages\/15\/revisions"}],"predecessor-version":[{"id":367,"href":"https:\/\/www.brazylia.info.pl\/index.php\/wp-json\/wp\/v2\/pages\/15\/revisions\/367"}],"wp:attachment":[{"href":"https:\/\/www.brazylia.info.pl\/index.php\/wp-json\/wp\/v2\/media?parent=15"}],"curies":[{"name":"wp","href":"https:\/\/api.w.org\/{rel}","templated":true}]}}