{"id":9,"date":"2014-04-26T00:42:59","date_gmt":"2014-04-25T22:42:59","guid":{"rendered":"http:\/\/www.brazylia.info.pl\/?page_id=9"},"modified":"2024-12-27T12:37:53","modified_gmt":"2024-12-27T11:37:53","slug":"przyroda-i-pogoda","status":"publish","type":"page","link":"https:\/\/www.brazylia.info.pl\/index.php\/przyroda-i-pogoda\/","title":{"rendered":"Przyroda i pogoda w Brazylii"},"content":{"rendered":"<p><strong>Brazylia<\/strong> to nie tylko pi\u0119kne pla\u017ce, karnawa\u0142 i zabawa do bia\u0142ego rana, to r\u00f3wnie\u017c ogromne zielone tereny, rejony nietkni\u0119te znakiem cywilizacji, przepi\u0119kne lasy tropikalne w dorzeczu Amazonki&#8230;<\/p>\n<p><img loading=\"lazy\" decoding=\"async\" class=\"size-full wp-image-34 odstep alignnone\" src=\"http:\/\/www.brazylia.info.pl\/wp-content\/uploads\/2014\/04\/brazylia-przyroda.jpg\" alt=\"brazylia-przyroda\" width=\"750\" height=\"350\" srcset=\"https:\/\/www.brazylia.info.pl\/wp-content\/uploads\/2014\/04\/brazylia-przyroda.jpg 750w, https:\/\/www.brazylia.info.pl\/wp-content\/uploads\/2014\/04\/brazylia-przyroda-300x140.jpg 300w\" sizes=\"auto, (max-width: 750px) 100vw, 750px\" \/><\/p>\n<p>Niezwyk\u0142ym miejscem, kt\u00f3re warto zobaczy\u0107 jest wodospad <strong>Saltos do Igua\u00e7u<\/strong> czyli Wielka Woda. Jest to mierz\u0105cy oko\u0142o 72 m wysoko\u015bci i 3 km szeroko\u015bci wodospad w kszta\u0142cie podkowy. Znajduje si\u0119 on na granicy z Argentyn\u0105 na obszarze parku narodowego -co ciekawe park ten jest zar\u00f3wno po stronie brazylijskiej i argenty\u0144skiej i jako ca\u0142o\u015b\u0107 cho\u0107 w r\u00f3\u017cnych okresach czasu zosta\u0142 wpisany na list\u0119 \u015bwiatowego dziedzictwa UNESCO.<\/p>\n<p><a href=\"http:\/\/www.brazylia.info.pl\/wp-content\/uploads\/2014\/04\/brazylia-iguacu-park.jpg\" rel=\"lightbox[9]\"><img loading=\"lazy\" decoding=\"async\" class=\" wp-image-40 aligncenter\" src=\"http:\/\/www.brazylia.info.pl\/wp-content\/uploads\/2014\/04\/brazylia-iguacu-park-300x200.jpg\" alt=\"brazylia-iguacu-park\" width=\"452\" height=\"301\" srcset=\"https:\/\/www.brazylia.info.pl\/wp-content\/uploads\/2014\/04\/brazylia-iguacu-park-300x200.jpg 300w, https:\/\/www.brazylia.info.pl\/wp-content\/uploads\/2014\/04\/brazylia-iguacu-park.jpg 900w\" sizes=\"auto, (max-width: 452px) 100vw, 452px\" \/><\/a><\/p>\n<p>Sam wodospad to 275 mniejszych odcink\u00f3w a najbardziej imponuj\u0105cy jest Garganta del Diablo, a to ze wzgl\u0119du na jego wysoko\u015b\u0107. Widok kaskad sp\u0142ywaj\u0105cej wody pozostawia niezapomniane wra\u017cenia, a pomi\u0119dzy sp\u0142ywaj\u0105c\u0105 wod\u0105 rosn\u0105 pi\u0119kne storczyki, paprocie, bambusy i palmy. Nie brakuje tu te\u017c zwierz\u0105t, mo\u017cna w \u015brodowisku naturalnym zobaczy\u0107 wydry, kajmany, tukany, pumy i jaguary.<\/p>\n<p>Kolejnym pi\u0119knym miejscem, gdzie wielbiciele przyrody powinni si\u0119 wybra\u0107 to <strong>archipelag<\/strong> <strong>Fernando de Noronha<\/strong>, gdzie opr\u00f3cz cudownych pla\u017c mo\u017cna zobaczy\u0107 wiele gatunk\u00f3w r\u00f3\u017cnych zwierz\u0105t i bogat\u0105 ro\u015blinno\u015b\u0107. Wyspy archipelagu otaczaj\u0105 przejrzyste, niebieskie wody, w kt\u00f3rych \u017cyje wiele gatunk\u00f3w ryb, mi\u0119dzy innymi tu\u0144czyk, ale te\u017c rekiny, s\u0105 tu te\u017c \u017c\u00f3\u0142wie a w Zatoce Delfin\u00f3w jak sama nazwa wskazuje delfiny.<\/p>\n<p>Warto te\u017c wybra\u0107 si\u0119 do <strong>park\u00f3w narodowych Chapada dos Veadeiros i Emas<\/strong>, to obszar gdzie dominuje tropikalna sawanna, ro\u015bnie tu wiele endemicznych gatunk\u00f3w ro\u015blin, nie brakuje te\u017c wilk\u00f3w, jaguar\u00f3w, tapir\u00f3w i kapibar. Dodatkowego uroku ciekawej ro\u015blinno\u015bci dodaj\u0105 pi\u0119kne wodospady, kt\u00f3rych tutaj nie brakuje.<\/p>\n<p>Jednak najbardziej znanym miejscem i chyba najcz\u0119\u015bciej odwiedzanym jest <strong>Amazo\u0144ski Park<\/strong> <strong>Narodowy.<\/strong> Powsta\u0142 on w 1974 roku na obszarze oko\u0142o 10 tysi\u0119cy km2 na brzegu rzeki Tapaj\u00f3s. Lasy amazo\u0144skie s\u0105 nazywane zielonymi p\u0142ucami \u015bwiata a to z racji tego, \u017ce produkuj\u0105 najwi\u0119ksz\u0105 ilo\u015b\u0107 tlenu. Wi\u0119kszo\u015b\u0107 las\u00f3w stanowi\u0105 lasy r\u00f3wnikowe, rosn\u0105 tu olbrzymie plamy, kauczukowce i kasztany. A w koronach drzew mieszkaj\u0105 papugi, tukany, kolibry, ale te\u017c i ma\u0142y i leniwce. W dolnych partiach las\u00f3w spotka\u0107 mo\u017cna jaguary, mr\u00f3wkojady, kapibary, pancerniki, \u0142asice.<\/p>\n<p><a href=\"http:\/\/www.brazylia.info.pl\/wp-content\/uploads\/2014\/04\/amazonia.jpg\" rel=\"lightbox[9]\"><img loading=\"lazy\" decoding=\"async\" class=\" wp-image-43 aligncenter\" src=\"http:\/\/www.brazylia.info.pl\/wp-content\/uploads\/2014\/04\/amazonia-300x200.jpg\" alt=\"amazonia\" width=\"450\" height=\"300\" srcset=\"https:\/\/www.brazylia.info.pl\/wp-content\/uploads\/2014\/04\/amazonia-300x200.jpg 300w, https:\/\/www.brazylia.info.pl\/wp-content\/uploads\/2014\/04\/amazonia.jpg 900w\" sizes=\"auto, (max-width: 450px) 100vw, 450px\" \/><\/a><\/p>\n<p>R\u00f3wnie\u017c rzeki obfituj\u0105 w bogactwo flory i fany, \u017cyj\u0105 tu kajmany, delfiny s\u0142odkowodne, manaty, \u017c\u00f3\u0142wie oraz przer\u00f3\u017cne gatunki ryb.<\/p>\n<p>W czasie w\u0119dr\u00f3wek po Brazylii nie mo\u017cna pomi\u0105\u0107 <strong>Wybrze\u017ca Odkrywc\u00f3w,<\/strong> gdzie mo\u017cna zobaczy\u0107 lasy atlantyckie oraz kolczaste, w\u015br\u00f3d kt\u00f3rych \u017cyje 270 gatunk\u00f3w ssak\u00f3w z czego po\u0142owa zamieszkuje rezerwaty przyrody i stanowi gatunki endemiczne. Co ciekawe na tych terenach wci\u0105\u017c s\u0105 odkrywane nowe gatunki zwierz\u0105t<\/p>\n<p>Na terenie Brazylii wyst\u0119puje w zale\u017cno\u015bci od regionu <strong>kilka stref klimatycznych<\/strong>. Trzeba r\u00f3wnie\u017c pami\u0119ta\u0107, \u017ce poniewa\u017c kraj ten le\u017cy na p\u00f3\u0142kuli po\u0142udniowej pory roku nie s\u0105 lustrzanym odbiciem naszych p\u00f3r. Oznacza to, \u017ce nasze miesi\u0105ce zimowe to w Brazylii lato, a okres letni w Polce to brazylijska zima.<\/p>\n<p><strong>P\u00f3\u0142noc<\/strong> to strefa klimatu r\u00f3wnikowego, ze \u015bredniorocznymi temperaturami si\u0119gaj\u0105cymi 24 stopni oraz z bardzo du\u017cymi opadami deszczu w ci\u0105gu ca\u0142ego roku. Najcieplejsze miesi\u0105ce i najbardziej nadaj\u0105ce si\u0119 na wypoczynek zwi\u0105zany z leniuchowaniem na pla\u017cy to okres od listopada do lutego. Na p\u00f3\u0142nocy i w centrum \u015brednie temperatury latem osi\u0105gaj\u0105 28-30 stopni, na po\u0142udniu od 24 do 30 stopni.<\/p>\n<p><strong>Klimat podr\u00f3wnikowy<\/strong> jest na Wy\u017cynie Guja\u0144skiej i na cz\u0119\u015bci Wy\u017cyny Brazylijskiej, \u015brednie roczne temperatury to 19-26 stopni, jest tu tez pora sucha i deszczowa.<\/p>\n<p><strong>Na po\u0142udniu<\/strong> kraju mamy z kolei klimat zwrotnikowy i podzwrotnikowy z niewielkimi opadami deszczu i wyra\u017aniejszym podzia\u0142em na lato zim\u0119, co szczeg\u00f3lnie jest odczuwalne w temperaturach.<\/p>\n","protected":false},"excerpt":{"rendered":"<p>Brazylia to nie tylko pi\u0119kne pla\u017ce, karnawa\u0142 i zabawa do bia\u0142ego rana, to r\u00f3wnie\u017c ogromne zielone tereny, rejony nietkni\u0119te znakiem cywilizacji, przepi\u0119kne lasy tropikalne w dorzeczu Amazonki&#8230; Niezwyk\u0142ym miejscem, kt\u00f3re warto zobaczy\u0107 jest wodospad Saltos do Igua\u00e7u czyli Wielka Woda. Jest to mierz\u0105cy oko\u0142o 72 m wysoko\u015bci i 3 km szeroko\u015bci wodospad w kszta\u0142cie podkowy.&hellip;&nbsp;<a href=\"https:\/\/www.brazylia.info.pl\/index.php\/przyroda-i-pogoda\/\" rel=\"bookmark\">Dowiedz si\u0119 wi\u0119cej &raquo;<span class=\"screen-reader-text\">Przyroda i pogoda w Brazylii<\/span><\/a><\/p>\n","protected":false},"author":12,"featured_media":0,"parent":0,"menu_order":0,"comment_status":"closed","ping_status":"open","template":"","meta":{"neve_meta_sidebar":"","neve_meta_container":"","neve_meta_enable_content_width":"","neve_meta_content_width":0,"neve_meta_title_alignment":"","neve_meta_author_avatar":"","neve_post_elements_order":"","neve_meta_disable_header":"","neve_meta_disable_footer":"","neve_meta_disable_title":"","footnotes":""},"class_list":["post-9","page","type-page","status-publish","hentry"],"aioseo_notices":[],"_links":{"self":[{"href":"https:\/\/www.brazylia.info.pl\/index.php\/wp-json\/wp\/v2\/pages\/9","targetHints":{"allow":["GET"]}}],"collection":[{"href":"https:\/\/www.brazylia.info.pl\/index.php\/wp-json\/wp\/v2\/pages"}],"about":[{"href":"https:\/\/www.brazylia.info.pl\/index.php\/wp-json\/wp\/v2\/types\/page"}],"author":[{"embeddable":true,"href":"https:\/\/www.brazylia.info.pl\/index.php\/wp-json\/wp\/v2\/users\/12"}],"replies":[{"embeddable":true,"href":"https:\/\/www.brazylia.info.pl\/index.php\/wp-json\/wp\/v2\/comments?post=9"}],"version-history":[{"count":15,"href":"https:\/\/www.brazylia.info.pl\/index.php\/wp-json\/wp\/v2\/pages\/9\/revisions"}],"predecessor-version":[{"id":370,"href":"https:\/\/www.brazylia.info.pl\/index.php\/wp-json\/wp\/v2\/pages\/9\/revisions\/370"}],"wp:attachment":[{"href":"https:\/\/www.brazylia.info.pl\/index.php\/wp-json\/wp\/v2\/media?parent=9"}],"curies":[{"name":"wp","href":"https:\/\/api.w.org\/{rel}","templated":true}]}}